is the remainder when 59 is divided by c?
14
Let q(c) = 31*c**2 + 45*c - 85. Calculate the remainder when q(2) is divided by 9.
3
Let m(d) = -33*d**3 - 3*d**2 - d + 3. Let n(b) = 34*b**3 + 3*b**2 + b - 3. Let c(i) = 4*m(i) + 5*n(i). Calculate the remainder when c(1) is divided by 20.
19
What is the remainder when 84 - (8 + -1)*18/(-21) is divided by 11?
2
Let p = 199 + -175. Calculate the remainder when 35 is divided by p.
11
Suppose -i = -a - 8, -a - i - 2 = 6. Calculate the remainder when 49 + a/(-6)*-3 is divided by 25.
20
Suppose -57 = -2*m - m. Let t = m - 18. What is the remainder when 6 is divided by 2/5*5 + t?
0
Let b(d) = -d + 112. Let a = 7717 - 7687. What is the remainder when b(0) is divided by a?
22
Suppose 13*h - 14 + 209 = 0. Calculate the remainder when (50/h)/(-5)*66 is divided by 15.
14
Let n = 497 - 342. Calculate the remainder when n is divided by 54.
47
Let i = -9 - -27. Calculate the remainder when 7/(-4) + 2 - 12954/(-408) is divided by i.
14
Suppose 5*j + 21 = 12*j. Suppose 5*s - 34 = 2*z + 96, -j*z + 104 = 4*s. What is the remainder when 103 is divided by s?
25
Let y(o) = -5*o + 3. Let g be y(-3). Calculate the remainder when (-1)/3 - (-798)/g is divided by (1/2)/(-1 - 171/(-162)).
8
Suppose 55 = 4*d + d. Calculate the remainder when d is divided by (-42)/(-28) + 6/4.
2
Suppose -5*h - 22 = -122. Let q = 11 + -2. Suppose 10*p = q*p + 11. Calculate the remainder when h is divided by p.
9
Let a = 1519 - 1489. What is the remainder when 105 is divided by a?
15
Let h = 31 - 15. What is the remainder when h is divided by 5?
1
Suppose 5*i + 3*x - 330 = 0, 3*x = i - 3*i + 141. Let b = 67 - i. Calculate the remainder when 14 is divided by b.
2
Suppose 5*s = -3*q + 44 + 22, 4*s + 3*q = 54. Let a(r) = -r**2 - 9*r + 3. Calculate the remainder when a(-6) is divided by s.
9
Let f(m) = 6*m**2 + 30*m + 54. What is the remainder when f(-5) is divided by 5?
4
Let v = -1 + 14. Let g(m) = -m**3 + 5*m**2 + 8*m - 5. Calculate the remainder when v is divided by g(6).
6
Suppose 5*s = -0*s. Let m = s - -35. Calculate the remainder when m is divided by (12/(-10))/(2/(-10)).
5
Suppose -7 - 13 = -5*v - 2*r, -3*r + 20 = 5*v. Let j = -7 - -17. Calculate the remainder when j is divided by v.
2
Let r(t) be the third derivative of 0*t - t**2 - 1/60*t**5 + 0 + 0*t**4 + 11/6*t**3. Calculate the remainder when 43 is divided by r(0).
10
Let f(y) = y**3 - 9*y**2 + 15*y + 2. Let x(r) = r**2 - r - 1. Let q(a) = f(a) + 6*x(a). Calculate the remainder when q(3) is divided by 4.
3
Let w(m) = -2*m**2 - m + 115. What is the remainder when 12 is divided by w(7)?
2
Let c = 115 - 5. Let o(r) = 7*r**2 + r + 37. Calculate the remainder when c is divided by o(0).
36
Suppose 0 = 4*q - 0*k - 4*k - 328, 3*q + 5*k = 230. Suppose 0 = 13*u - q - 50. Calculate the remainder when 34 is divided by u.
4
Let w = 122 + -111. Suppose w*k = 12*k - 22. Calculate the remainder when 43 is divided by k.
21
Let b = -1524 + 3668. Suppose -27*o + b = -19*o. What is the remainder when o is divided by 27?
25
Let m = 7 - 4. Let z = -5 + m. Calculate the remainder when 18 is divided by z/9 + (-390)/(-54).
4
Let x be (-1468)/(-6) - (-5)/15. Suppose -6*o + x = -o. What is the remainder when o is divided by 17?
15
Let n(m) = -2*m**3 - 8*m**2 - 4*m + 7. Let x(k) = -k**2 + 16*k - 8. Let v be x(15). Let u = -12 + v. Calculate the remainder when n(u) is divided by 20.
17
Let o(f) = f**2 + 12*f - 9. Let i be o(-13). Suppose 0 = 4*a - i*x + 2*x - 218, 0 = -5*x - 5. Calculate the remainder when a is divided by 8.
6
Let r(o) = -12*o + 2. Let k be r(-1). Suppose 5*t + n - 26 = 0, 3*n = -5*t - n + k. What is the remainder when 29 is divided by t?
5
Let u = 178 - 109. Let i = 16 - -8. What is the remainder when u is divided by i?
21
Let c(b) = 4*b - 20. Let y be c(14). Suppose -y = -112*w + 110*w. Calculate the remainder when w is divided by 7.
4
Let q(k) = k**3 + k**2 + 2*k + 113. Let f(i) = i**3 + 18*i**2 - 19*i. Let t be f(-19). What is the remainder when q(t) is divided by 29?
26
Suppose -r + 0 = -9. Suppose w = -116 + 143. Suppose x + w*x - 448 = 0. Calculate the remainder when x is divided by r.
7
Calculate the remainder when 98 is divided by 4 + (-8)/12*33/(-22).
3
Suppose -4*k + 35 = 3*k. Suppose 30 = k*b - 0*b. Calculate the remainder when 21 is divided by b.
3
Suppose -5*n = -5*s - 20, 4 = 3*n - 0*n - 5*s. Suppose n*y + 210 = 14*y. Calculate the remainder when y is divided by 13.
9
Let w = -6 - -7. Let o = w + 16. Calculate the remainder when 32 is divided by o.
15
Let w(l) = -l + 6. Let j = -46 + 50. Calculate the remainder when (7/2)/(1/2) is divided by w(j).
1
Suppose 236 = 5*m + 16. Let i = 119 - -45. What is the remainder when m is divided by 5/(70/i) + (-2)/(-7)?
8
Suppose 3*g + 243 = 4*y - 0*g, 2*y = 3*g + 117. Calculate the remainder when y is divided by 11.
8
Let u(b) be the third derivative of b**5/20 - b**4/24 + 5*b**3/6 - b**2. Let l = 163 - 133. What is the remainder when u(-4) is divided by l?
27
Suppose 0 = 5*c - 2*c - 6. Suppose -c*y - 55 = 129. What is the remainder when y/(-3) + (-11)/(-33) is divided by 17?
14
Let c(y) = -y**3 - 18*y**2 - 18*y - 17. Let g be c(-17). Suppose 4*o + 12 = -g*o. What is the remainder when 2 is divided by o/1 - (2 + -7)?
0
Let p(z) = z**2 + 5*z - 6. Calculate the remainder when (8 - 153/18) + (-513)/(-6) is divided by p(5).
41
Let b(p) = -p**3 - 2*p**2 + 12*p - 2. Calculate the remainder when 74 is divided by b(-5).
9
Let o(m) = 4*m**2 + 55*m + 43. Calculate the remainder when o(-15) is divided by 53.
12
Let j(f) = f**2 - 16*f - 34. Suppose 15 = 2*z - 1. What is the remainder when j(-3) is divided by z?
7
Suppose -4*d + 295 = -177. Let v(t) = -t**3 + 8*t**2 - 7*t - 6. Suppose 12*q = -7 + 55. What is the remainder when d is divided by v(q)?
28
What is the remainder when 2016/40 - (-21)/35 is divided by 23?
5
Suppose 4*g - 45 = g. Suppose 2*z - g = 9. Calculate the remainder when 44 is divided by z.
8
Suppose 8*j = 2*j + j. What is the remainder when 36 is divided by (13 + -6)*(j - -2)?
8
Let i(x) = 33*x - 5. Let b be i(1). What is the remainder when 39 is divided by (((-180)/21)/(-3))/(8/b)?
9
Suppose -u - 2*g + 15 = 0, -9 + 1 = 4*g. Suppose b + 3 = -3*x - 4, 0 = 3*b - 5*x - 21. Suppose -32 = -b*z + 114. Calculate the remainder when z is divided by u.
16
Let u = 32 + 0. Let x(r) = 18*r**2 - 139*r + 243. What is the remainder when x(6) is divided by u?
25
Suppose 9 = -5*n + 4*n. Let w(g) = 3*g + 18. Let i(p) = 7*p + 35. Let a(l) = -3*i(l) + 5*w(l). Calculate the remainder when a(n) is divided by 8.
7
Suppose -5*x = -3*x - 4. Suppose -376 - 200 = -x*o. Let a = o - 193. What is the remainder when a is divided by 24?
23
Suppose 0*g - 105 = -3*g. Suppose -3*m - 2*m + g = 0. Suppose 55*t = 108 + 167. What is the remainder when m is divided by t?
2
Suppose -3*m + 3*o + 456 = 0, 3*m + 2*o - 37 = 419. Calculate the remainder when m is divided by 7.
5
Let k = -4 - -15. Let u = 18 - k. What is the remainder when 27 is divided by u?
6
Let p(f) = 4*f - 8. Suppose 2*k - 3*k = 5*w - 1, 3*k = -3*w + 15. Let t(n) = 3*n**3 + 6*n**2 - 5*n + 7. Calculate the remainder when t(2) is divided by p(k).
13
Let d = 56 + -60. Let g(b) = -2*b**3 + 4*b + 11. What is the remainder when g(d) is divided by 18?
15
Let p(q) = q - 6. Let y be p(8). Suppose -y*d + 3*d = 2. What is the remainder when 74 is divided by 505/20 - d/8?
24
Let s = -368 + 458. Calculate the remainder when 267 is divided by s.
87
Let w(l) = -l**2 - 3*l + 2. Let o be w(3). What is the remainder when 29 is divided by (-167)/(-11) + o/88?
14
Suppose 1077*t - 9867 = 1064*t. What is the remainder when t is divided by 40?
39
Calculate the remainder when ((-12)/8*34)/((-1)/3) is divided by 13.
10
Let o = 37 + -1. Suppose -104 = -3*j + 5*s, j = 5*j - 5*s - 132. Let d = j - 15. What is the remainder when o is divided by d?
10
Let c = 24 - 12. Let i(g) = g**2 - 8*g - 25. Suppose 3 = -w + 2*w. Calculate the remainder when i(c) is divided by w.
2
Suppose -4*p = 4*a - 288, 4*a - 3*p - 50 - 252 = 0. Calculate the remainder when a is divided by 11.
8
Let m(d) = 7*d**2 + 5*d - 5. Let k(t) = 7*t**2 + 5*t - 4. Let u(l) = -3*k(l) + 4*m(l). What is the remainder when 116 is divided by u(2)?
26
Let s = -3 - -11. Suppose -r + 2*t 